14
-13b5
What is 267d (base 14) in base 11?
50aa
What is -172 (base 13) in base 2?
-100000110
Convert -881 (base 10) to base 15.
-3db
Convert 205350 (base 6) to base 13.
7830
-234345 (base 6) to base 3
-1001001002
Convert -5310 (base 8) to base 14.
-1012
27552 (base 9) to base 3
221121202
Convert 3664 (base 8) to base 12.
1184
2047 (base 9) to base 13
8b6
83b (base 14) to base 13
979
What is 401a (base 13) in base 2?
10001001101011
-19a0 (base 11) to base 9
-3421
Convert 3a62 (base 11) to base 6.
40223
Convert -44454 (base 6) to base 7.
-24103
What is -370 (base 16) in base 14?
-46c
What is -133a (base 14) in base 5?
-102014
Convert -d0 (base 15) to base 3.
-21020
Convert -17 (base 13) to base 8.
-24
74a3 (base 15) to base 11
175a5
What is -1434 (base 10) in base 15?
-659
18 (base 14) to base 11
20
-2a55 (base 13) to base 7
-23641
Convert -10133 (base 5) to base 15.
-2e8
Convert -440 (base 13) to base 3.
-222222
Convert -1ebc (base 16) to base 7.
-31640
-15b2 (base 15) to base 16
-123b
Convert 2422 (base 6) to base 14.
302
12ac (base 13) to base 6
20221
What is d68 (base 14) in base 11?
1a90
What is -83441 (base 9) in base 16?
-d6fc
-10103333 (base 4) to base 12
-a27b
What is 1010001011 (base 2) in base 12?
463
-102021112 (base 3) to base 8
-20036
Convert 2211 (base 16) to base 9.
12860
What is 1202100 (base 3) in base 10?
1278
What is 1c331 (base 13) in base 15?
11682
What is -80 (base 15) in base 14?
-88
-1101 (base 7) to base 12
-289
Convert 201112 (base 5) to base 4.
1210013
Convert -a17 (base 11) to base 16.
-4cc
-454103 (base 6) to base 2
-1001011001010111
What is d74 (base 15) in base 4?
233122
Convert -21419 (base 10) to base 5.
-1141134
Convert 433 (base 10) to base 6.
2001
Convert 217 (base 9) to base 10.
178
-3c2c (base 16) to base 6
-155152
Convert 1119 (base 10) to base 15.
4e9
-15d (base 15) to base 10
-313
Convert -22121010 (base 4) to base 3.
-2011101110
-32393 (base 10) to base 13
-1198a
What is -324 (base 14) in base 10?
-620
What is bd7 (base 14) in base 12?
1435
11112000 (base 3) to base 11
2525
What is -1000010110 (base 2) in base 12?
-386
Convert 96 (base 13) to base 10.
123
Convert -4ab (base 16) to base 5.
-14240
Convert 580 (base 10) to base 13.
358
What is -31123 (base 5) in base 6?
-13234
-21442 (base 5) to base 11
-1141
What is -408a0 (base 12) in base 15?
-19e46
What is -2cc2 (base 15) in base 10?
-9632
Convert 111112010 (base 4) to base 7.
512615
Convert 101010010010100 (base 2) to base 11.
152a4
Convert -57e6 (base 16) to base 2.
-101011111100110
What is 43d (base 16) in base 9?
1435
What is 264516 (base 7) in base 11?
34337
-c24b (base 16) to base 2
-1100001001001011
What is bc1 (base 13) in base 4?
133200
Convert 101100111010 (base 2) to base 7.
11244
-a6 (base 14) to base 10
-146
-c39 (base 15) to base 3
-10210000
What is 11111 (base 7) in base 8?
5361
Convert 2283 (base 12) to base 7.
14130
-289 (base 11) to base 3
-110120
What is -1100001 (base 2) in base 16?
-61
What is 38304 (base 9) in base 5?
1311022
Convert -277 (base 11) to base 15.
-16b
What is -31203 (base 4) in base 11?
-719
51505 (base 6) to base 15
208b
What is -855 (base 12) in base 5?
-14332
What is -101101100000 (base 2) in base 7?
-11330
1062 (base 11) to base 2
10101110111
Convert 123737 (base 8) to base 3.
2011221200
Convert 1120301 (base 4) to base 11.
42a5
What is 2da (base 15) in base 4?
22033
-93a (base 12) to base 5
-20332
-153 (base 8) to base 14
-79
What is -12304 (base 7) in base 6?
-22554
-691 (base 15) to base 7
-4222
What is -156 (base 8) in base 15?
-75
What is -28 (base 15) in base 2?
-100110
What is -1265 (base 8) in base 2?
-1010110101
Convert 1221200021 (base 3) to base 8.
113001
15b2 (base 16) to base 15
19a4
-11010001001000 (base 2) to base 9
-20321
8498 (base 14) to base 13
a543
What is 100022 (base 3) in base 9?
308
-10466 (base 10) to base 7
-42341
Convert 470 (base 10) to base 3.
122102
2744 (base 12) to base 13
2095
Convert -9a4b (base 13) to base 12.
-1055a
-970a (base 14) to base 4
-12113132
What is 100df (base 16) in base 6?
1224235
-344 (base 16) to base 15
-3ab
-222120 (base 3) to base 14
-393
What is 37748 (base 9) in base 10?
25397
-3a12 (base 15) to base 6
-133212
What is -1c6 (base 14) in base 12?
-26a
-1342234 (base 5) to base 2
-110110010101011
Convert -21007 (base 12) to base 15.
-cc07
What is -870 (base 9) in base 7?
-2034
What is -507 (base 9) in base 3?
-120021
-210002120 (base 3) to base 5
-443003
What is -211123 (base 4) in base 7?
-6661
Convert -4b6 (base 13) to base 7.
-2256
-167b (base 14) to base 15
-12d9
-47a (base 14) to base 11
-741
2a9 (base 14) to base 3
202001
What is 1a7 (base 14) in base 3?
110201
Convert -150 (base 16) to base 3.
-110110
-3cc (base 14) to base 13
-471
What is -a7 (base 13) in base 6?
-345
Convert -11011011100100 (base 2) to base 3.
-201021110
Convert 31b (base 14) to base 9.
751
-52544 (base 7) to base 10
-12968
Convert 20dd (base 16) to base 5.
232123
Convert -1102221022 (base 3) to base 13.
-cbc6
Convert 15 (base 14) to base 7.
25
-142 (base 11) to base 9
-205
What is -6438 (base 10) in base 7?
-24525
Convert -34012 (base 6) to base 12.
-2908
Convert -688 (base 12) to base 10.
-968
Convert -12914 (base 14) to base 11.
-31363
4760 (base 16) to base 14
6932
What is 3130200 (base 4) in base 16?
3720
Convert -102100 (base 7) to base 15.
-52e7
100201 (base 3) to base 10
262
Convert -1101100000001 (base 2) to base 11.
-5215
-3075 (base 9) to base 4
-203033
Convert 3041 (base 6) to base 5.
10143
Convert 110101110011 (base 2) to base 9.
4645
1572 (base 8) to base 7
2411
What is -140 (base 7) in base 4?
-1031
What is -532 (base 10) in base 14?
-2a0
What is -65632 (base 8) in base 5?
-1340141
-6a47 (base 11) to base 9
-13614
-112 (base 16) to base 13
-181
-46a (base 12) to base 9
-811
3574 (base 9) to base 12
1657
What is -21132 (base 4) in base 15?
-2a6
What is -15200 (base 7) in base 5?
-113324
What is 3db6 (base 14) in base 10?
10940
What is 20504 (base 7) in base 14?
1bab
5a6 (base 11) to base 12
501
c9 (base 15) to base 6
513
Convert 731 (base 9) to base 8.
1123
Convert -30320 (base 4) to base 9.
-1115
Convert 17378 (base 9) to base 8.
27312
What is -1002 (base 10) in base 2?
-1111101010
279a (base 15) to base 5
232340
-5b2c (base 14) to base 10
-15916
What is 78521 (base 9) in base 2?
1100101111010111
What is -355034 (base 7) in base 15?
-1402b
Convert -4f69 (base 16) to base 12.
-b921
Convert 34b (base 15) to base 7.
2114
Convert 511 (base 10) to base 2.
111111111
What is -ca0 (base 14) in base 2?
-100110111100
What is 1390 (base 11) in base 9?
2412
Convert -197 (base 13) to base 5.
-2133
What is -344 (base 7) in base 9?
-218
-b798 (base 12) to base 8
-47244
Convert 11a0 (base 14) to base 11.
2350
What is 1125 (base 8) in base 2?
1001010101
Convert 1484 (base 12) to base 6.
15044
What is 10213203 (base 4) in base 16?
49e3
Convert 953 (base 10) to base 2.
1110111001
Convert -661 (base 10) to base 6.
-3021
What is 140425 (base 6) in base 10?
13121
Convert -7a8 (base 14) to base 15.
-6b5
d52 (base 14) to base 15
b9a
Convert 8500 (base 12) to base 15.
4499
8014 (base 9) to base 11
4434
What is -4302 (base 6) in base 12?
-692
221 (base 7) to base 16
71
What is 11524 (base 13) in base 12?
16381
13411 (base 6) to base 16
82f
26 (base 7) to base 16
14
1001110000100000 (base 2) to base 7
224345
72 (base 16) to base 4
1302
What is 1102 (base 4) in base 13?
64
Convert 212222211 (base 3) to base 8.
42123
Convert -2c1 (base 13) to base 2.
-111101111
-7fe (base 16) to base 9
-2723
2323 (base 5) to base 15
178
-8801 (base 9) to base 11
-4962
What is -10010001101111 (base 2) in base 16?
-246f
-64532 (base 7) to base 6
-202142
What is -5356 (base 15) in base 12?
-a253
Convert -2102 (base 7) to base 2.
-1011100001
What is 121220020 (base 3) in base 11?
9289
268 (base 12) to base 3
111122
-42 (base 15) to base 5
-222
13423 (base 6) to base 14
aa3
-100310 (base 5) to base 2
-110010000101
Convert -223 (base 11) to base 8.
-413
What is 71a (base 12) in base 5?
13110
38208 (base 10) to base 4
21111000
Convert 36b (base 13) to base 11.
4a2
-443401 (base 5) to base 2
-11110001110100
27b3 (base 12) to base 7
16260
-1000101110100111 (base 2) to base 10
-35751
-4210 (base 5) to base 4
-20223
1201